{"id":61,"date":"2024-10-02T22:11:35","date_gmt":"2024-10-02T20:11:35","guid":{"rendered":"https:\/\/www.terredemilpa.fr\/?page_id=61"},"modified":"2025-02-12T22:17:43","modified_gmt":"2025-02-12T21:17:43","slug":"le-projet","status":"publish","type":"page","link":"https:\/\/www.terredemilpa.fr\/?page_id=61","title":{"rendered":"Le projet Terre de Milpa"},"content":{"rendered":"\n<p class=\"dm_justify;\">Ce projet s\u2019inscrit dans le cadre de l\u2019\u00e9conomie sociale et solidaire, c\u2019est un projet qui \u0153uvre au service de la justice sociale, \u00e9cologique et alimentaire. L\u2019insertion par l&rsquo;activit\u00e9 \u00e9conomique am\u00e8ne une autre fa\u00e7on de cr\u00e9er de la valeur, en partant du potentiel de chaque personne et en cr\u00e9ant une soci\u00e9t\u00e9 plus inclusive. L&rsquo;agro\u00e9cologie r\u00e9pond de mani\u00e8re concr\u00e8te, r\u00e9alisable et globale \u00e0 la n\u00e9cessaire mutation que l\u2019agriculture doit effectuer.<\/p>\n\n\n\n<p class=\"dm_justify;\">Ce projet permet de lutter contre les exclusions et la pr\u00e9carit\u00e9 en mobilisant les conditions d\u2019un retour \u00e0 l\u2019emploi durable de femmes et d&rsquo;hommes en difficult\u00e9s sociales et professionnelles, au moyen d\u2019une activit\u00e9 valorisante Ce projet permet une r\u00e9appropriation de l\u2019agriculture par les femmes, par des agricultrices de demain et l\u2019aide \u00e0 la cr\u00e9ation de fermes p\u00e9ri-urbaines.<\/p>\n\n\n\n<p class=\"dm_justify;\">L\u2019agro\u00e9cologie permet de nourrir le monde en pr\u00e9servant notre sant\u00e9 et notre environnement. Le projet contribue \u00e0 la s\u00e9curit\u00e9 alimentaire par l\u2019approvisionnement local en fruits et l\u00e9gumes bio des habitants de la m\u00e9tropole. Le projet participe \u00e0 la cr\u00e9ation locale d\u2019emplois durables et n\u00e9cessaires ; il favorise le d\u00e9veloppement de l\u2019\u00e9conomie de proximit\u00e9.<\/p>\n\n\n\n<p>L\u2019agro\u00e9cologie a un impact positif et fort sur la pr\u00e9servation de nos ressources naturelles (eau, terre, paysages), la pr\u00e9servation de la biodiversit\u00e9 et sur la limitation du r\u00e9chauffement climatique.<\/p>\n\n\n\n<p class=\"dm_justify;\">Terre de Milpa a l\u2019ambition de cr\u00e9er un projet global avec une vision syst\u00e9mique o\u00f9 la terre, l\u2019alimentation et la connaissance sont des biens communs, vecteurs de liens, de solidarit\u00e9s et de justice sociale. Le projet a l\u2019objectif de cr\u00e9er un lieu de vie ouvert sur son environnement, un lieu d\u2019exp\u00e9rimentation, de travail, d\u2019\u00e9mancipation et de coop\u00e9rations participant \u00e0 relever les nombreux d\u00e9fis actuels de l\u2019humanit\u00e9, tels que la lutte contre la pauvret\u00e9, la pr\u00e9servation de notre plan\u00e8te. Terre de Milpa s\u2019inscrit dans le cadre holistique de la fourche \u00e0 la fourchette et vise \u00e9galement \u00e0 renforcer notre r\u00e9silience alimentaire.<\/p>\n\n\n\n<p class=\"dm_justify;\">Ce projet cherche ainsi \u00e0 r\u00e9unir plusieurs \u00e9cologies qui nous semblent essentielles : l\u2019\u00e9cologie environnementale, l\u2019\u00e9cologie sociale qui invente des espaces d\u2019autonomie cr\u00e9ative et l\u2019\u00e9cologie mentale qui r\u00e9fl\u00e9chit aux relations humaines pour y d\u00e9jouer la violence et les dominations.<\/p>\n\n\n\n<h4 class=\"wp-block-heading\">L\u2019ASPECT INNOVANT ET PIONNIER DU PROJET TERRE DE MILPA :<\/h4>\n\n\n\n<p class=\"dm_justify;\">Outre le fait qu\u2019il r\u00e9ponde compl\u00e8tement aux enjeux majeurs port\u00e9s par le d\u00e9veloppement durable : environnemental, social et \u00e9conomique (il apporte une r\u00e9ponse \u00e0 chacun des 17 ODD (<a href=\"https:\/\/www1.undp.org\/content\/undp\/fr\/home\/sustainable-development-goals.html\">Objectifs de d\u00e9veloppement durable<\/a>) d\u00e9finis par l\u2019ONU), le projet Terre de Milpa nous semble particuli\u00e8rement pionnier, original et d\u2019int\u00e9r\u00eat g\u00e9n\u00e9ral sur quatre points principaux :<\/p>\n\n\n\n<ul class=\"wp-block-list\">\n<li>son aspect global et syst\u00e9mique,<\/li>\n\n\n\n<li>son public ax\u00e9 prioritairement sur les femmes,<\/li>\n\n\n\n<li>sa volont\u00e9 de contribuer \u00e0 la recherche dans le domaine agricole,<\/li>\n\n\n\n<li>et son portage par un collectif de personnes engag\u00e9es dans une gouvernance favorisant l\u2019intelligence collective.<\/li>\n<\/ul>\n\n\n\n<h4 class=\"wp-block-heading\">Bienvenue dans le podcast qui raconte la folle aventure de l&rsquo;association Terre de Milpa&#8230;<\/h4>\n\n\n\n<p>\u00c9crit, r\u00e9alis\u00e9 et racont\u00e9 par <strong>Laura Henry <\/strong>, b\u00e9n\u00e9vole et productrice de podcast<\/p>\n\n\n\n<figure class=\"wp-block-video\"><video height=\"1080\" style=\"aspect-ratio: 1080 \/ 1080;\" width=\"1080\" controls src=\"https:\/\/www.terredemilpa.fr\/wp-content\/uploads\/2024\/10\/Podcast-TDM_video_06-2023.mp4\"><\/video><\/figure>\n","protected":false},"excerpt":{"rendered":"<p>Ce projet s\u2019inscrit dans le cadre de l\u2019\u00e9conomie sociale et solidaire, c\u2019est un projet qui \u0153uvre au service de la justice sociale, \u00e9cologique et alimentaire. L\u2019insertion par l&rsquo;activit\u00e9 \u00e9conomique am\u00e8ne une autre fa\u00e7on de cr\u00e9er de la valeur, en partant du potentiel de chaque personne et en cr\u00e9ant une soci\u00e9t\u00e9 plus inclusive. L&rsquo;agro\u00e9cologie r\u00e9pond de &hellip; <\/p>\n<p class=\"link-more\"><a href=\"https:\/\/www.terredemilpa.fr\/?page_id=61\" class=\"more-link\">Lire la suite de<span class=\"screen-reader-text\">\u00ab\u00a0Le projet Terre de Milpa\u00a0\u00bb<\/span><\/a><\/p>\n","protected":false},"author":1,"featured_media":0,"parent":0,"menu_order":0,"comment_status":"closed","ping_status":"closed","template":"","meta":{"inspiro_hide_title":false,"footnotes":""},"class_list":["post-61","page","type-page","status-publish","hentry"],"_links":{"self":[{"href":"https:\/\/www.terredemilpa.fr\/index.php?rest_route=\/wp\/v2\/pages\/61","targetHints":{"allow":["GET"]}}],"collection":[{"href":"https:\/\/www.terredemilpa.fr\/index.php?rest_route=\/wp\/v2\/pages"}],"about":[{"href":"https:\/\/www.terredemilpa.fr\/index.php?rest_route=\/wp\/v2\/types\/page"}],"author":[{"embeddable":true,"href":"https:\/\/www.terredemilpa.fr\/index.php?rest_route=\/wp\/v2\/users\/1"}],"replies":[{"embeddable":true,"href":"https:\/\/www.terredemilpa.fr\/index.php?rest_route=%2Fwp%2Fv2%2Fcomments&post=61"}],"version-history":[{"count":7,"href":"https:\/\/www.terredemilpa.fr\/index.php?rest_route=\/wp\/v2\/pages\/61\/revisions"}],"predecessor-version":[{"id":375,"href":"https:\/\/www.terredemilpa.fr\/index.php?rest_route=\/wp\/v2\/pages\/61\/revisions\/375"}],"wp:attachment":[{"href":"https:\/\/www.terredemilpa.fr\/index.php?rest_route=%2Fwp%2Fv2%2Fmedia&parent=61"}],"curies":[{"name":"wp","href":"https:\/\/api.w.org\/{rel}","templated":true}]}}