{"id":66,"date":"2024-10-02T22:11:35","date_gmt":"2024-10-02T20:11:35","guid":{"rendered":"https:\/\/www.terredemilpa.fr\/?page_id=66"},"modified":"2025-02-12T22:17:22","modified_gmt":"2025-02-12T21:17:22","slug":"contact","status":"publish","type":"page","link":"https:\/\/www.terredemilpa.fr\/?page_id=66","title":{"rendered":"Contact"},"content":{"rendered":"\n<p>Adresse : 13 Chemin Fr\u00e9d\u00e9ric Roman, 69370 Saint-Didier-au-Mont-d\u2019Or<\/p>\n\n\n\n<p>Envie d\u2019en savoir plus?&nbsp;N\u2019h\u00e9sitez pas \u00e0 nous envoyer un message \u00e0 <a href=\"mailto:coordination@terredemilpa.fr\">coordination@terredemilpa.fr<\/a><\/p>\n\n\n\n<p>Vous pouvez aussi nous retrouver sur nos diff\u00e9rentes plateformes en ligne:<\/p>\n\n\n\n<ul class=\"wp-block-list\">\n<li>Sur <a href=\"https:\/\/www.facebook.com\/terredemilpa\">Facebook<\/a><\/li>\n\n\n\n<li>Sur <a href=\"https:\/\/www.linkedin.com\/company\/terre-de-milpa\">Linkedin<\/a><\/li>\n\n\n\n<li>Sur <a href=\"https:\/\/fr.calameo.com\/read\/004939694262f6be3ff45\">Calam\u00e9o<\/a><\/li>\n<\/ul>\n","protected":false},"excerpt":{"rendered":"<p>Adresse : 13 Chemin Fr\u00e9d\u00e9ric Roman, 69370 Saint-Didier-au-Mont-d\u2019Or Envie d\u2019en savoir plus?&nbsp;N\u2019h\u00e9sitez pas \u00e0 nous envoyer un message \u00e0 coordination@terredemilpa.fr Vous pouvez aussi nous retrouver sur nos diff\u00e9rentes plateformes en ligne:<\/p>\n","protected":false},"author":1,"featured_media":0,"parent":0,"menu_order":0,"comment_status":"closed","ping_status":"closed","template":"","meta":{"inspiro_hide_title":false,"footnotes":""},"class_list":["post-66","page","type-page","status-publish","hentry"],"_links":{"self":[{"href":"https:\/\/www.terredemilpa.fr\/index.php?rest_route=\/wp\/v2\/pages\/66","targetHints":{"allow":["GET"]}}],"collection":[{"href":"https:\/\/www.terredemilpa.fr\/index.php?rest_route=\/wp\/v2\/pages"}],"about":[{"href":"https:\/\/www.terredemilpa.fr\/index.php?rest_route=\/wp\/v2\/types\/page"}],"author":[{"embeddable":true,"href":"https:\/\/www.terredemilpa.fr\/index.php?rest_route=\/wp\/v2\/users\/1"}],"replies":[{"embeddable":true,"href":"https:\/\/www.terredemilpa.fr\/index.php?rest_route=%2Fwp%2Fv2%2Fcomments&post=66"}],"version-history":[{"count":6,"href":"https:\/\/www.terredemilpa.fr\/index.php?rest_route=\/wp\/v2\/pages\/66\/revisions"}],"predecessor-version":[{"id":374,"href":"https:\/\/www.terredemilpa.fr\/index.php?rest_route=\/wp\/v2\/pages\/66\/revisions\/374"}],"wp:attachment":[{"href":"https:\/\/www.terredemilpa.fr\/index.php?rest_route=%2Fwp%2Fv2%2Fmedia&parent=66"}],"curies":[{"name":"wp","href":"https:\/\/api.w.org\/{rel}","templated":true}]}}